et r = x - 5. Suppose r*c - 30 = -10. List the prime factors of c.
2, 5
Suppose c - 6 = -2. Suppose -4*m + 40 = c*w, 0 = -3*m + 4*w - w. List the prime factors of m.
5
Let u(z) = -z**3 - z**2 + 33. What are the prime factors of u(0)?
3, 11
Suppose -b + 0*b - 10 = 4*p, -3*p = -4*b - 59. Let d be -1*(-2)/(-4)*b. Suppose -d*z = -3*z - 52. What are the prime factors of z?
13
Suppose 4 - 1 = -y, 2*y + 15 = -z. Let f = -7 - z. Suppose b = 5, -4*b + 60 = 3*g + f*g. List the prime factors of g.
2
Let j be 2*2 + 2 + -4. Suppose 6 = 3*c + 3. Let q = c + j. List the prime factors of q.
3
Let t(v) = 7*v**3 + 10*v**2 + 11*v + 4. Let o(k) = k**3. Let x(z) = 6*o(z) - t(z). What are the prime factors of x(-9)?
2, 7
Let a = -156 - -230. List the prime factors of a.
2, 37
Suppose 0 = j - 35 - 7. What are the prime factors of j?
2, 3, 7
Suppose -h - 7 = -11. List the prime factors of h.
2
Let c(q) = -q**3 + 6*q**2 + 9*q - 10. Let w be c(7). Let p = w - 0. Suppose -2*g - 2*a + 1 = -15, p*g - 4*a = 0. List the prime factors of g.
2
Let i(w) = -w**2 + 7*w + 10. What are the prime factors of i(6)?
2
Let s(f) = f**2 - 3*f - 5. Let b be s(3). What are the prime factors of (-2)/b + (-172)/(-20)?
3
Let n(g) be the second derivative of -g**5/20 - g**4/8 + g**3/3 - g. Let o(c) be the second derivative of n(c). What are the prime factors of o(-2)?
3
Let z(x) = -3*x**3 - 2*x**2 + 1. Let b be z(-1). Suppose -b*q = 2*q + 20, -5 = -5*n - 2*q. List the prime factors of n.
3
Suppose -2*p - q + 8 = 0, 3*p = 5*q - 2 + 27. Suppose -2*o - 75 = -p*o. Let y = o - 15. What are the prime factors of y?
2, 5
Let t = -45 + 82. Let x = t - 26. List the prime factors of x.
11
Let z = 2 - -1. Suppose 2*i + z*i - 110 = 0. What are the prime factors of i?
2, 11
Let s = 11 - 5. Let i = 13 + s. List the prime factors of i.
19
Let b(t) = -11*t - 2. Let c be (-6)/(-9) - 55/15. List the prime factors of b(c).
31
Let s = 426 - 234. What are the prime factors of s?
2, 3
Let i(t) = 6*t + 1. Let m be i(-1). Let x(b) = -6*b + b + 2 + 3*b. List the prime factors of x(m).
2, 3
Let c be 8 + -9 + (5 - 1). Suppose 5*a - 218 = -2*m, -c*m = a - 14 - 40. Suppose -3*l + 5*x = -12, 5*l - a = 5*x - 4*x. What are the prime factors of l?
3
Let j(b) = -b**2 + 11*b + 10. Let z be j(10). Suppose -z = -4*l - 0*l. Suppose 0 = -3*y + 47 - l. List the prime factors of y.
2, 7
Let i = 175 - 83. List the prime factors of i.
2, 23
Let b(d) = -d**3 + 11*d**2 - 11*d + 13. Let m be b(10). Let l(y) = 2*y**2 - 4*y - 4. Let w be l(5). Suppose -m*q + 80 = w. What are the prime factors of q?
2, 3
Suppose 3*m + m - 2*p = 12, 0 = 3*m + 2*p - 23. List the prime factors of m.
5
Suppose -3*s - 136 = -3*j - 2*j, 0 = 2*s - 6. What are the prime factors of j?
29
Suppose b - 3 = -0*b, 4*b + 8 = 5*c. Suppose -c*f = -73 - 23. What are the prime factors of f?
2, 3
Let t be 10/35 + 696/14. Suppose -2*n - t = -7*n. Let i = -4 + n. What are the prime factors of i?
2, 3
Let p = -226 - -366. What are the prime factors of p?
2, 5, 7
Suppose -4*x + 20 = x. What are the prime factors of x?
2
Let n(i) = 8 - 5*i**2 + 2*i**2 - 8*i + 5 + 4*i**2. List the prime factors of n(9).
2, 11
Let i(u) = -3*u. Suppose 29 = -4*p + 5*c, 0 = -5*p + 3*c - c - 15. What are the prime factors of i(p)?
3
Suppose 0 = p - 6 + 1. Let r be p/2*42/35. Suppose 0 = 4*f + 5*l - 18, -4*f = -f - r*l. List the prime factors of f.
2
Suppose q - 2*x = 2, -4*q + 0*x + 43 = -x. List the prime factors of q.
2, 3
Let w(a) = -a + 3. Let m be w(0). Suppose -m*d = d - 20. What are the prime factors of d?
5
Let c(i) = 22*i + 53. List the prime factors of c(10).
3, 7, 13
Let y = -1 + 3. Suppose -2*g + 4 = 5*j, 0 = y*j - 3*j - 4*g - 10. Suppose j*w - w - 6 = 0. What are the prime factors of w?
2, 3
Suppose 0 = -5*p + 20, 3*w - 222 = -3*p + 12. List the prime factors of w.
2, 37
Let i be (-1)/(-1) + -2 - -3. Suppose -4*z + i*z = -18. What are the prime factors of z?
3
Let x(v) = -v - 1. Let d be x(-5). Suppose -96 = -d*j + j. What are the prime factors of j?
2
Let v = -66 - -36. Let l = 56 + v. List the prime factors of l.
2, 13
Let v(k) = k**3 + 11*k**2 - 15*k - 11. What are the prime factors of v(-12)?
5
Let k(z) = 19*z + 1. What are the prime factors of k(1)?
2, 5
Suppose 5*o - o - 20 = 0. Let b = o - -11. Let p = -6 + b. List the prime factors of p.
2, 5
Suppose -7*d = -2*d + 3*q + 38, 3*d = -3*q - 18. List the prime factors of d*(0 + 16/(-20)).
2
Suppose -5*d + 2*d = -6. Let c = 5 - d. What are the prime factors of c?
3
Suppose 8*f - 28*f + 4880 = 0. List the prime factors of f.
2, 61
Suppose n + 4*d - 19 = -0*n, 2*n - 4*d + 10 = 0. Suppose 0 = -2*z + n*t + 53, 3*z - t + 4 = 73. List the prime factors of z.
2, 11
Let k(f) = -f**2 - 10*f - 8. Suppose -16 = 3*l - 2*a + 9, 0 = -5*l + 3*a - 41. What are the prime factors of k(l)?
13
Let q(r) = -r**3 + 7*r**2 - 7*r + 8. Let u be q(6). Let d be 0 + (10*1)/u. Suppose -2*g - 4*a = -2, -3*g + g + d = a. List the prime factors of g.
3
Let p be ((-40)/(-12))/(2/(-6)). Let q = p + 34. List the prime factors of q.
2, 3
Let c = -1 - -3. Suppose -c*y + 28 = -0*y. List the prime factors of y.
2, 7
Suppose 3*p = 4*p - 4. What are the prime factors of p?
2
Let i(p) = -p**2 + p - 1. Let j be i(0). Let t be (2*3)/(0 + 1). Let n = j + t. What are the prime factors of n?
5
Let x = -2 + 7. Suppose 2*g = 6, -2*l = -x*l + 2*g + 6. Suppose 2*v - l*r = 6*v - 32, 2*v - 12 = -4*r. List the prime factors of v.
2, 5
Suppose -6*u - 72 + 342 = 0. What are the prime factors of u?
3, 5
Suppose 8*w - 3*w - 40 = 0. Suppose 5*s - w - 2 = 0. What are the prime factors of s?
2
Suppose c - 4*l - 104 = 177, -278 = -c + l. What are the prime factors of c?
277
List the prime factors of 2 + (-4 - -3) - -69.
2, 5, 7
List the prime factors of -32*((-19)/2 + 4).
2, 11
Let g be 0/(-4) + 2 + -19. Let q = 27 + g. List the prime factors of q.
2, 5
List the prime factors of -7*4/(-4)*3.
3, 7
Suppose -3*p - 1 = -2*p. What are the prime factors of p + 2*12 - -3?
2, 13
Let l = 0 - 0. Suppose 3*w - 2*w + 2 = l. List the prime factors of (5/w)/((-2)/4).
5
Suppose -6*w + 325 = -w. What are the prime factors of w?
5, 13
Suppose 0 = 4*f - 5*f + 14. Let o(q) = q**2 - 2*q - 4. Let k be o(6). Let a = k - f. What are the prime factors of a?
2, 3
Suppose 270 + 50 = 4*o. List the prime factors of o.
2, 5
Let u be (5 - (-2)/(-2)) + -2. Let c be (0 - u)*1 + 16. Let d = -2 + c. List the prime factors of d.
2, 3
Let v(s) = 2*s**2 + 10*s + 4. What are the prime factors of v(-8)?
2, 13
Let a(l) be the second derivative of -2*l**3/3 - l. What are the prime factors of a(-1)?
2
Suppose 2*h = 20 + 28. Let i = 43 - h. What are the prime factors of i?
19
Let b(c) = -1 + 2 + 5*c**2 + 1 + 1 - 2*c. Let q be b(3). What are the prime factors of (q/(-4))/(7/(-14))?
3, 7
Let d(p) = -p**3 - 6*p**2 - p - 1. Let v be -15*(6/3)/(-6). Let s(t) = t - 11. Let l be s(v). What are the prime factors of d(l)?
5
Let d(p) = -p**3 + 22*p**2 - 19*p + 30. List the prime factors of d(21).
2, 3
Let u = 9 + -4. Let f(c) = -c**3 + 6*c**2 - 2*c - 7. Let k be f(u). Suppose 4*w + 8 = k*w. List the prime factors of w.
2
Suppose 5*p + v = 215, 4*p + 4*v - 30 - 158 = 0. Suppose 7*a - 9*a + p = 0. List the prime factors of a.
3, 7
Suppose 3*m + 2*m + 2*b = 180, 2*m + 5*b - 72 = 0. What are the prime factors of m?
2, 3
Let q(u) be the third derivative of u**5/60 - u**4/4 + 5*u**3/6 - 2*u**2. Let a be q(6). Let d = 8 - a. What are the prime factors of d?
3
Let v = -1 + 4. Suppose 0 = -3*g - 5*j + 2*j + 15, 0 = v*g + j - 11. List the prime factors of g.
3
Suppose 8 = 4*v - z - 15, 12 = 3*v + z. Suppose v*d - 30 = 5. What are the prime factors of d?
7
Suppose -3*q = -5*j - 9, -j - j = -3*q. Let p = -1 - q. Let g = p - -3. List the prime factors of g.
2
Let w = -89 - -322. List the prime factors of w.
233
Let z(b) = -14*b. List the prime factors of z(-5).
2, 5, 7
Suppose 21 = -7*w + 4*w. Let l be (-120)/5*1/(-2). Let p = w + l. List the prime factors of p.
5
Suppose 0 = -3*v + 110 - 29. List the prime factors of v.
3
Let d(y) = y**3 - 5*y**2 - 4*y + 4. Let p be d(5). Let v = 35 + p. List the prime factors of v.
19
Let a(q) = -q**2 - 11*q - 10. Let s be a(-9). Suppose -3*r = r - s. List the prime factors of r.
2
Let o(p) = -14*p**3 - 1. Let l be 2 - 0/(5 + 